0*g + 630. Let o be t(31). Let i(q) = -q**3 + 11*q**2 - 8*q - 7. What is i(o)?
13
Let o(c) = 2*c**3 + 36*c**2 + c + 38. Let a be o(-18). Let z(n) = -5*n + 107. Let l be z(a). Let d(w) = -w**2 + 9*w + 9. Calculate d(l).
23
Suppose 70*l - 850 = 65*l. Let t(v) = l - 82 - 2*v - 81 + 6*v**2 - v**3. Determine t(6).
-5
Let c = -45 + 45. Suppose -1 + c = g. Let k(t) = t + 3*t**2 - 2*t**2 + 1 - 4*t**2 + 4*t**2. Determine k(g).
1
Let t(d) = 11*d - 4. Let p(o) be the second derivative of -13*o**3/6 + 5*o**2/2 - 19*o - 2. Let j(f) = -5*p(f) - 6*t(f). Calculate j(4).
-5
Let j(a) be the third derivative of a**2 - 1/12*a**5 - 1/24*a**4 + 0*a + 0 + 1/3*a**3 + 1/120*a**6. Let m be -12*(-8)/384*52 - (6 + 2). Calculate j(m).
-3
Suppose -4*r + 5*g = -22, 4*g + 34 = 3*r + 17. Let j(k) = 171*k**3 + 6*k - 83*k**r - 6 - 7*k**2 - 86*k**3. Give j(4).
34
Let l(x) = x**3 + 37*x**2 - 74*x + 159. Let a be (-86)/(-18) - 5 - (-9772)/(-252). Calculate l(a).
3
Suppose -159*l = -70*l + 166 + 101. Let z(t) = -2*t**2 + 4. Determine z(l).
-14
Suppose -41*r = 31*r + 216. Let k(j) = 3*j**2 + 4*j - 6. Determine k(r).
9
Suppose -141*n = -135*n - 60. Let u(x) = x**3 - 28 + 31 - 21*x + n*x**2 + 20*x. What is u(-10)?
13
Let q be (-7)/(1 + 4 - 6). Let y(s) = -s**2 + 5*s + 28. Give y(q).
14
Let p = 44050 + -44052. Let f(x) be the second derivative of x**2 + 0 - 2*x + 1/6*x**3. What is f(p)?
0
Suppose -15*o - 691 + 1402 = 681. Let p(u) = u**3 + u**2 + 4*u - 5. Give p(o).
15
Let m be (30 + -30)/(-1 - 2). Let w be m/4 + (-2 - 3 - 1). Let x(t) = 6*t - 2. Give x(w).
-38
Let g(o) be the second derivative of o**4/6 - 11*o**3/6 + 13*o**2 + 3558*o. Give g(9).
89
Let c(h) be the second derivative of -25*h + 0 - 5/6*h**3 - 4*h**2. Suppose 0 = 4*i - 9*i - 30. What is c(i)?
22
Let y(k) = k - 125. Let r be y(24). Let p = -103 - r. Let o(q) = -4*q - 5. Give o(p).
3
Let j(a) = -a**2 + 9*a + 12. Suppose 0 = v + 18 - 8. Let t be 11/55 - 98/v. Determine j(t).
2
Let t(y) = 5*y + 25. Let f be t(-4). Let m(p) = -5*p + 7. Let q(x) = -4*x + 7. Let s be 32/48*((-27)/2)/(-3). Let v(k) = s*q(k) - 2*m(k). What is v(f)?
-3
Suppose 43*d + 392 = -32*d + 173*d. Suppose 0*f = -3*f. Let y(g) = 1 + f - g - g. Give y(d).
-7
Let m be (6/(-5))/((-10)/25) + 5. Suppose -37*s + 39*s = m. Suppose -5*n + 31 = -2*q, 2*q - 10 = -4*n + s. Let z(v) = v**3 + 5*v**2 + 4*v. Determine z(q).
6
Let o(x) = x**3 + 10*x + 21*x**3 + 7*x**2 - 23*x**3 + 4 - 6 + 7. Suppose -16 = -0*i - 2*i. Calculate o(i).
21
Let m = 411 + -407. Suppose -u + 65 = m*z + 69, 5*u - 12 = -4*z. Let k(f) = -7*f. What is k(z)?
14
Let b be (-3)/(-2*2/(-8)). Let p(k) be the second derivative of k**4/12 + 7*k**3/6 + 5*k**2/2 + 28996*k. Give p(b).
-1
Let f(p) = 19*p**2 - 17*p + 17. Let k(q) = 20*q**2 - 3*q + 15. Let z(a) = 2*a**2 + 2*a + 1. Let g(y) = k(y) - 4*z(y). Let n(w) = -5*f(w) + 8*g(w). What is n(3)?
3
Let h(b) be the first derivative of b**5/60 - 5*b**4/12 + b**3 - 9*b**2 + 27. Let u(y) be the second derivative of h(y). What is u(10)?
6
Let d = 2502 + -1118. Suppose -5*u = 0, 9*z + 3*u = 13*z - 5536. Let s(o) = -2*o - d + z. Give s(-3).
6
Let v(l) = l - 6. Suppose 25*k = 28*k - 6. Suppose w = -7*j + 3*j + 27, -k = 2*w. Suppose -2*y + 3*c + 18 = -j, 2*y - 5 = -c. Give v(y).
-1
Let z(y) = -y**3 - 7*y**2 - 11*y - 83. Suppose 5*w - 12 = 843*c - 837*c, -5*c + 3*w - 17 = 0. Determine z(c).
-6
Let s(o) = -5*o**2 - 23*o + 32. Let q(n) = -9*n**2 - 45*n + 65. Let a(d) = 6*q(d) - 11*s(d). Let t be a(14). Let v(k) = 5*k. What is v(t)?
-20
Suppose 15*h - 3*t + 6 = 12*h, h + 2 = -5*t. Let p(y) = 5*y + 24. Let c(u) = 2*u + 13. Let x(f) = 5*c(f) - 3*p(f). Calculate x(h).
3
Let c(f) be the third derivative of f**5/60 + 5*f**4/24 + f**3 + 1224*f**2. What is c(-8)?
30
Let f(a) = 54 + 142*a - 57*a - 39*a - 45*a. Calculate f(-16).
38
Let t(i) = 3*i**2 - 9*i + 4. Suppose 32 = -4715*n + 4731*n. Determine t(n).
-2
Suppose 0 = -l - 8 - 1. Suppose -388*q + 4 = -386*q. Let z(y) = y**q - 35*y + 0*y**2 - 6 + 44*y. What is z(l)?
-6
Let q(v) = 2*v + 24. Let r be (-551)/38 - ((-27)/6)/3. Calculate q(r).
-2
Suppose -870 = 61*k - 67*k. Let y = -145 + k. Let h(m) = -m - 27. Calculate h(y).
-27
Let s(l) be the third derivative of l**6/120 + 4*l**5/15 + 2*l**4/3 + 7*l**3/3 - 7*l**2 - 43*l. Determine s(-15).
-1
Let z(m) = -5*m**3 - 17*m**2 + 7*m - 13. Let y(r) = -10 + 0*r - 11*r**2 - 3*r**3 - 17 + 4*r + 19. Let v(l) = 8*y(l) - 5*z(l). Calculate v(3).
-8
Suppose -28*l - 83 = -27*l. Let o = l - -82. Let g(f) be the second derivative of 3*f**5/10 + f**4/6 + f**3/6 - f. Give g(o).
-5
Let b(y) = -4*y + 5. Suppose 0*g = 12*g + 12. Let z be (-616)/84 - g/3. What is b(z)?
33
Suppose 270*p = 269*p + 14. Let h be (7/p)/((-2)/4)*1. Let f(l) = 5*l**3 - l**2 - l. Determine f(h).
-5
Let j = 24027 + -24048. Let x(d) = d**3 + 23*d**2 + 38*d + 4. Calculate x(j).
88
Let p(f) = -3*f - 2. Let s(i) = 1. Let n(x) = -p(x) - 4*s(x). Let y = -103 + 160. Let u = 53 - y. Determine n(u).
-14
Suppose 6*a = 66 - 12. Let p(i) = -a*i**3 + 3 + 2*i + 0*i + 0*i - 3*i**2. Let q(v) = -4*v**3 - v**2 + v + 1. Let g(b) = 2*p(b) - 5*q(b). Determine g(1).
1
Suppose 16 = 4*j - 2*h, 6*j = 5*j + 2*h + 7. Let l(y) = 5*y + 26. Let t(v) = 2*v + 9. Let s(u) = -6*l(u) + 17*t(u). Determine s(j).
9
Let d(o) = o**2 - 8*o + 9. Suppose 0 = -120*z - 88 + 568. Determine d(z).
-7
Let f be ((-77)/(-231))/((-2)/(-102)*1). Let i(z) = z**2 - 17*z + 16. What is i(f)?
16
Let k be ((-402)/(-670))/((-3)/5). Let j(y) = 10*y**2 + 2*y + 1. Give j(k).
9
Let o(h) = 6 - 3*h - 190*h**2 + 89*h**2 + 4*h + 105*h**2. Give o(0).
6
Let a(m) = -4*m**2 + 1. Let w be a(-1). Let r(j) = j**2 + 1. Let s be r(-1). Let z(l) = -l - 21043 - 3*l**s + 21047 - l. What is z(w)?
-17
Let g(f) = 3*f**2 - 45*f + 7. Suppose -4*t - 37 = -3*h - 2*t, 3*h = 4*t + 29. Determine g(h).
7
Let t = 33 - 35. Let f(j) be the first derivative of j**5/120 + j**4/12 - 7*j**3/3 + 15. Let d(q) be the third derivative of f(q). What is d(t)?
0
Let x(o) be the second derivative of 2*o + 11/6*o**3 + 0 + 1/2*o**2. Suppose -4*t + 1 = -3*t. What is x(t)?
12
Let w be (-6)/(-27) - 305/(-45). Let v(i) be the first derivative of -i**3/3 + 3*i**2 + 10*i + 1879. Calculate v(w).
3
Let d(n) = -13*n - 11. Let v = -3 - -26. Let q = v + -18. Let z(s) = 20*s + 17. Let p(c) = q*z(c) + 8*d(c). Give p(-5).
17
Let s(u) be the third derivative of -u**2 + 3/20*u**5 - 5/12*u**4 + 0*u - 1/120*u**6 + 0 + 5/3*u**3. Let j = 82 - 74. What is s(j)?
-6
Let q(z) = z**3 - 21*z**2 - 22*z - 25. Let d = 7057 + -7035. Give q(d).
-25
Let i(b) = 15*b + 7. Suppose -6665*k = -6694*k + 145. Calculate i(k).
82
Let p(s) = 3*s + 34. Let u(q) = q**3 + 5*q**2 - 97*q - 501. Let z be u(-5). Calculate p(z).
-14
Let n(k) = k**3 - 10*k**2 + 10*k - 15. Suppose 2*l - 4*s - 21 = 7, 0 = -3*l + 2*s + 30. Determine n(l).
-63
Let g = -573 - -324. Let m = -243 - g. Let r(y) be the first derivative of -y**2/2 - y + 1. What is r(m)?
-7
Let a(w) = w + 1. Let y = 16 + -14. Let r be a(y). Let i(g) = 2*g - r*g - 6 + 3. Determine i(-5).
2
Let r be 1 + ((-9)/(-6))/((-72)/40). Let p(f) be the third derivative of -17*f**2 + 0 + r*f**3 + 1/12*f**4 + 1/30*f**5 + 0*f - 1/60*f**6. Determine p(-2).
21
Let o be (4/(-14) - 93/(-105))/((-1566)/(-187920)). Let v(s) = 12*s - 863. Determine v(o).
1
Let m(r) be the first derivative of 13*r**2/2 - 42*r - 8893. Determine m(8).
62
Suppose 0 = 14*o + 20 - 552. Let t(l) = -7*l + 35 + 3*l - o. Determine t(-4).
13
Let y(s) = -2*s + 11. Let u be y(4). Suppose -u*d = d - 16. Let n(a) = 10*a - d*a - 3*a - 1. What is n(2)?
5
Let i be ((-15)/4)/((-12)/32). Suppose 3*g + 2*g - i = 2*j, -3*j - 10 = -5*g. Let r(z) = 5*z**2 - 4*z + 3. Calculate r(g).
15
Let b = 437 + -641. Let v be (-1)/(b/42 + 5). Let i(t) = 3 - 13 + 3*t - 2*t. Determine i(v).
-17
Let f(t) = 5*t**2 - 2*t - 3. Let q(g) = 8*g + 111. Let n(w) = w**3 + 14*w**2 - 10*w + 61. Let y be n(-15). Let i be q(y). What is f(i)?
4
Suppose -36 = 97*k - 94*k. Let x be (-2 + -3)*7*k/(-70). Let v(j) = j**2 + 8*j + 11. Give v(x).
-1
Let j(a) = 7*a**2 - 40*a + 30. Let t(c) = c**2 - 3*c + 3. Let v(z) = j(z) - 5*t(z). What is v(12)?
3
Let t(c) be the third derivative of 7*c**4/24 + 30*c**3 - 2828*c**2. What is t(-25)?
5
Let c(m) = -2*m**2 - 68*m + 303. Let o be c(4). Let b(g) = 1 + 2*g - 8*g**2 - 3 + 3. Calculate b